n base 14, what is -6a1 + 4896?
41d5
In base 12, what is 166318793 + 3?
166318796
In base 9, what is -318105 + -16?
-318122
In base 13, what is -10a1 + -30c2?
-4193
In base 2, what is -1011111001111100110111111 - 1001?
-1011111001111100111001000
In base 10, what is -51923 - -459?
-51464
In base 13, what is -4b3c6c + 0?
-4b3c6c
In base 9, what is -16171611 + -5?
-16171616
In base 2, what is 1010100001 + 100010011101111111?
100010101000100000
In base 8, what is 13 + 465235?
465250
In base 9, what is -61 + 200561?
200500
In base 6, what is -2 + 1205513242?
1205513240
In base 4, what is 122003223132110 + 1?
122003223132111
In base 7, what is 5 - 3063445?
-3063440
In base 3, what is 222212 - -10202200110?
10210200022
In base 14, what is -5a9a9a2 - -5?
-5a9a99b
In base 7, what is -331 + 6015100?
6014436
In base 8, what is 4 + 52433627?
52433633
In base 8, what is -7002333 + 1?
-7002332
In base 8, what is -21554 - 26733?
-50507
In base 8, what is -222610703 + 10?
-222610673
In base 8, what is 5 - 17102667?
-17102662
In base 7, what is 6 - -546642050?
546642056
In base 11, what is -323 - -482633?
482310
In base 14, what is 4 + 107422d?
1074233
In base 11, what is -30534 - -6a6?
-2a939
In base 16, what is 17 + -4ae9e?
-4ae87
In base 12, what is 1b8a197a - 5?
1b8a1975
In base 7, what is -2 + 34326055?
34326053
In base 2, what is -110111 - 100110011101110101?
-100110011110101100
In base 8, what is 45 - -5126415?
5126462
In base 14, what is 261 - 805?
-584
In base 5, what is -12433221 - 4240?
-12443011
In base 16, what is -3fa9e + -2?
-3faa0
In base 11, what is 1651a3 + -99?
165105
In base 14, what is 2458 + -1a?
243c
In base 14, what is -1b176a - -b?
-1b175d
In base 8, what is 3361341 - -12?
3361353
In base 2, what is -11 + -1001100010111011011101110?
-1001100010111011011110001
In base 13, what is 35 + -81cc?
-8197
In base 4, what is -113302 + 113332?
30
In base 13, what is -132 - c50?
-1082
In base 12, what is -4 + 287a5526?
287a5522
In base 6, what is 40000 - 201515?
-121515
In base 2, what is 1000101000010001011011101 - 11?
1000101000010001011011010
In base 11, what is 182 + 2278?
244a
In base 4, what is -2131003 + -220330?
-3011333
In base 2, what is 11000110010111011010010 + 0?
11000110010111011010010
In base 13, what is -c0 + 2140b?
2131b
In base 15, what is 1eb + 11aa05?
11ac01
In base 7, what is -31 - 13114111?
-13114142
In base 5, what is 30032204 + -10?
30032144
In base 12, what is -b5b2 - -aa9?
-a705
In base 16, what is 11d6 - -d5?
12ab
In base 7, what is -45163363 + 16?
-45163344
In base 8, what is -2425 + 1705?
-520
In base 5, what is 3221 + 11302024?
11310300
In base 7, what is -4 + -245665444?
-245665451
In base 14, what is -654177 - 3?
-65417a
In base 6, what is -112512 - 4451?
-121403
In base 6, what is -211354 - -1444?
-205510
In base 11, what is 1982 + -4935?
-2a63
In base 9, what is -5357211 - 1?
-5357212
In base 4, what is -203100232201 - 213?
-203100233020
In base 5, what is -1122300001114 + -10?
-1122300001124
In base 4, what is -10323 + 20020003?
20003020
In base 12, what is 212 - 1bb4b?
-1b939
In base 11, what is 16661 + 7?
16668
In base 9, what is -468 + 18120?
17541
In base 8, what is -1022 - 1334137?
-1335161
In base 13, what is 3073670 - -1?
3073671
In base 2, what is 11111000100101110011 - -101?
11111000100101111000
In base 16, what is 0 - 2cc9ac?
-2cc9ac
In base 11, what is -6476545 + -28?
-6476572
In base 3, what is -12 - -101210002101101?
101210002101012
In base 2, what is -1 + 110111111110010111?
110111111110010110
In base 11, what is -1a - -1254a463?
1254a444
In base 10, what is -94642343 - 4?
-94642347
In base 5, what is -11 - 443121111?
-443121122
In base 14, what is 3 + 12b1adb5?
12b1adb8
In base 13, what is 474128a - -17?
47412a4
In base 6, what is 4 - -215111111?
215111115
In base 14, what is 54dd04 - -2?
54dd06
In base 8, what is 34 + 7147125?
7147161
In base 13, what is 100 - -214709?
214809
In base 7, what is -102 - 30533162?
-30533264
In base 8, what is 13 - 104726450?
-104726435
In base 3, what is -110011021200121 - 22?
-110011021200220
In base 2, what is -100 + -10011110111110111001011?
-10011110111110111001111
In base 2, what is -11011 + -1010111001010001010?
-1010111001010100101
In base 11, what is -400 + -7420?
-7820
In base 16, what is -1fec - 53a?
-2526
In base 10, what is 3 - -860946?
860949
In base 4, what is -11 + -112230023033?
-112230023110
In base 4, what is 13031 + 12301123?
12320220
In base 15, what is 88448 + 169?
885b2
In base 13, what is -bc9 + 2239?
1340
In base 16, what is -588e - b5b?
-63e9
In base 10, what is -919589 + -21?
-919610
In base 15, what is 3 + 3176367?
317636a
In base 13, what is -348 + 4995?
464a
In base 14, what is -1cc8bc - 15?
-1cc8d3
In base 15, what is -26b02b4 + -5?
-26b02b9
In base 13, what is -27b7 - -383?
-2434
In base 8, what is -101140 + -140?
-101300
In base 7, what is -21223042 - 1?
-21223043
In base 11, what is 1625971 + 5?
1625976
In base 2, what is 1010101011100010001 - -1000100?
1010101011101010101
In base 12, what is 279229 - -49b?
279708
In base 13, what is 4 + 1215b06?
1215b0a
In base 4, what is -122030221 + 1031?
-122023130
In base 2, what is 1000100010010111111 - -101100011?
1000100011000100010
In base 15, what is -e + 9654a?
9653b
In base 14, what is 3 - ac3c5?
-ac3c2
In base 5, what is 444134 + -144211?
244423
In base 7, what is 20113025 - -20?
20113045
In base 7, what is 3 - 30151563?
-30151560
In base 6, what is -2 + 11255353431?
11255353425
In base 3, what is -110 + 21022211211000?
21022211210120
In base 15, what is 14 + da109?
da11d
In base 4, what is 2111113 - -2000201?
10111320
In base 11, what is -5 + -1760472?
-1760477
In base 12, what is -1a459 - 291?
-1a72a
In base 2, what is -101 - -100010011100111101011101001?
100010011100111101011100100
In base 16, what is afdf49 - 11?
afdf38
In base 6, what is 141503433 - -11?
141503444
In base 3, what is 102112221 - -12021?
102202012
In base 7, what is -21510 + 132523?
111013
In base 2, what is 111001111000 - -1101110100?
1000111101100
In base 5, what is 221 + -12234213201?
-12234212430
In base 10, what is 380511 + -85?
380426
In base 8, what is -14414 + 1734?
-12460
In base 3, what is 221101220122 + 21?
221101220220
In base 11, what is -4 + 4896460?
4896457
In base 6, what is -14315433 - -5134?
-14310255
In base 13, what is 4b02a27 - -2?
4b02a29
In base 7, what is -146643 + -125?
-150101
In base 11, what is -44455 + -1104?
-45559
In base 15, what is -25 + 66737b?
667356
In base 11, what is 2837 - 6444?
-3708
In base 9, what is 20344853 + -1?
20344852
In base 10, what is -3 + 35398394?
35398391
In base 14, what is -2 - -313ad2?
313ad0
In base 14, what is 4 - 40849a3?
-408499d
In base 13, what is 20 - -2654512?
2654532
In base 13, what is c - -18caa6a?
18caa79
In base 8, what is -1041 + 1253762?
1252721
In base 7, what is 5 - -501105141?
501105146
In base 13, what is 5 + -c6353?
-c634b
In base 15, what is 62 + -7d6e1?
-7d67e
In base 2, what is 1110101011111100000001 - 10010111?
1110101011111001101010
In base 7, what is 3333 + 11366?
15032
In base 10, what is 29353 + 5468?
34821
In base 7, what is -20550 - 50535?
-101415
In base 6, what is -431220052 + -30?
-431220122
In base 9, what is 3400338555 + 5?
3400338561
In base 12, what is -425b632 + -10?
-425b642
In base 6, what is -1301 + -14341550?
-14343251
In base 16, what is -514b90 - 3e?
-514bce
In base 5, what is 12 - -42431224021?
42431224033
In base 6, what is 3 - -2344304300?
2344304303
In base 15, what is 8 - -623569?
623572
In base 13, what is 10 + 26c6a7?
26c6b7
In base 2, what is -11010101111100110010001110 - -100?
-11010101111100110010001010
In base 2, what is -10 + 10101110011010010001000010?
10101110011010010001000000
In base 4, what is -332312210 + -2323?
-332321133
In base 7, what is 3225 - 6561?
-3333
In base 2, what is 10101000111001111000011011 + -101000?
10101000111001110111110011
In base 6, what is -11540 - 24525?
-40505
In base 7, what is -6445 + 313250?
303502
In base 3, what is 11 - 11220001002202012?
-11220001002202001
In base 15, what is -21d6 - -5d84?
3b9d
In base 3, what is 10 - 120222001000012021?
-120222001000012011
In base 13, what is 1a + -1580?
-1563
In base 13, what is -50 - -63c26?
63ba6
In base 3, what is -10112220211 +